313?
71, 7103
List the prime factors of 6527069.
6527069
What are the prime factors of 208466?
2, 104233
What are the prime factors of 879315?
3, 5, 31, 61
List the prime factors of 8144677.
47, 173291
What are the prime factors of 799252?
2, 199813
List the prime factors of 351629.
79, 4451
What are the prime factors of 597174?
2, 3, 99529
What are the prime factors of 4266260?
2, 5, 19, 103, 109
What are the prime factors of 2449658?
2, 107, 11447
List the prime factors of 159377.
47, 3391
What are the prime factors of 676879?
7, 96697
What are the prime factors of 14058001?
149, 94349
What are the prime factors of 5446268?
2, 71, 127, 151
What are the prime factors of 35744969?
13, 67, 41039
What are the prime factors of 890205?
3, 5, 17, 3491
List the prime factors of 829566.
2, 3, 17, 2711
List the prime factors of 1983221.
23, 163
What are the prime factors of 1370081?
17, 83, 971
What are the prime factors of 4733744?
2, 191, 1549
List the prime factors of 421127.
7, 60161
What are the prime factors of 411460?
2, 5, 7, 2939
What are the prime factors of 915496?
2, 19, 317
List the prime factors of 1617398.
2, 808699
What are the prime factors of 9447348?
2, 3, 607, 1297
What are the prime factors of 7236440?
2, 5, 131, 1381
List the prime factors of 525668.
2, 11, 13, 919
List the prime factors of 3451163.
47, 97, 757
What are the prime factors of 15371376?
2, 3, 320237
What are the prime factors of 598217?
239, 2503
List the prime factors of 133399.
7, 17, 19, 59
What are the prime factors of 1175405?
5, 7, 11, 43, 71
List the prime factors of 678697.
317, 2141
List the prime factors of 28982204.
2, 7245551
List the prime factors of 1014865.
5, 202973
What are the prime factors of 2297034?
2, 3, 37, 3449
List the prime factors of 227972.
2, 56993
List the prime factors of 605631.
3, 13, 53, 293
List the prime factors of 11332377.
3, 7, 3671
List the prime factors of 1144095.
3, 5, 89, 857
List the prime factors of 4537336.
2, 59, 9613
What are the prime factors of 1207296?
2, 3, 131
What are the prime factors of 7824599?
19, 411821
What are the prime factors of 812717?
812717
What are the prime factors of 1038854?
2, 519427
What are the prime factors of 839050?
2, 5, 97, 173
List the prime factors of 2055995.
5, 283, 1453
What are the prime factors of 7509840?
2, 3, 5, 13, 29, 83
List the prime factors of 81146.
2, 13, 3121
What are the prime factors of 33130647?
3, 11, 10141
List the prime factors of 4504049.
11, 241, 1699
List the prime factors of 627637.
627637
What are the prime factors of 929418?
2, 3, 7, 22129
List the prime factors of 755060.
2, 5, 19, 1987
List the prime factors of 59328.
2, 3, 103
What are the prime factors of 551506?
2, 313, 881
List the prime factors of 1115198.
2, 7, 79657
What are the prime factors of 269866?
2, 59, 2287
What are the prime factors of 13256895?
3, 5, 127, 6959
List the prime factors of 1426121.
19, 47, 1597
List the prime factors of 6186833.
6186833
What are the prime factors of 1975874?
2, 37, 26701
What are the prime factors of 26644?
2, 6661
What are the prime factors of 14296960?
2, 5, 89, 251
What are the prime factors of 16117976?
2, 7, 287821
What are the prime factors of 12605101?
61, 206641
List the prime factors of 154868.
2, 7, 5531
What are the prime factors of 1013007?
3, 337669
What are the prime factors of 723504?
2, 3, 15073
List the prime factors of 196423.
89, 2207
List the prime factors of 654208.
2, 19, 269
What are the prime factors of 7793276?
2, 17, 31, 3697
What are the prime factors of 2877161?
7, 139, 2957
What are the prime factors of 2587140?
2, 3, 5, 1597
List the prime factors of 508730.
2, 5, 50873
What are the prime factors of 188377?
7, 17, 1583
What are the prime factors of 86741?
127, 683
What are the prime factors of 6230502?
2, 3, 346139
What are the prime factors of 1420420?
2, 5, 29, 31, 79
List the prime factors of 1460790.
2, 3, 5, 16231
List the prime factors of 7144003.
409, 17467
List the prime factors of 150325.
5, 7, 859
What are the prime factors of 1156306?
2, 17, 71, 479
What are the prime factors of 4806728?
2, 600841
What are the prime factors of 444934?
2, 7, 61, 521
List the prime factors of 2217565.
5, 7, 17, 3727
List the prime factors of 1473906.
2, 3, 7, 19, 1847
What are the prime factors of 22003046?
2, 13, 846271
List the prime factors of 1441180.
2, 5, 13, 23, 241
What are the prime factors of 1872396?
2, 3, 5779
What are the prime factors of 5965273?
5965273
List the prime factors of 1023391.
1023391
List the prime factors of 16355320.
2, 5, 61, 6703
List the prime factors of 3808783.
11, 181, 1913
List the prime factors of 120252.
2, 3, 11, 911
What are the prime factors of 5412294?
2, 3, 300683
List the prime factors of 2066050.
2, 5, 7, 5903
What are the prime factors of 2695888?
2, 13, 997
What are the prime factors of 346854?
2, 3, 57809
List the prime factors of 427277.
47, 9091
What are the prime factors of 7752947?
29, 83, 3221
List the prime factors of 115092.
2, 3, 23, 139
List the prime factors of 21186.
2, 3, 11, 107
List the prime factors of 189788.
2, 17, 2791
List the prime factors of 412339.
412339
List the prime factors of 2127791.
19, 53, 2113
List the prime factors of 1811068.
2, 7, 71, 911
What are the prime factors of 51782?
2, 17, 1523
What are the prime factors of 2005352?
2, 439, 571
What are the prime factors of 5478599?
7, 31, 25247
List the prime factors of 688127.
11, 47
What are the prime factors of 22566186?
2, 3, 19, 65983
List the prime factors of 13385749.
13, 17, 37, 1637
What are the prime factors of 6242472?
2, 3, 277, 313
What are the prime factors of 5401258?
2, 41, 199, 331
List the prime factors of 562535.
5, 112507
What are the prime factors of 553265?
5, 17, 23, 283
What are the prime factors of 1964952?
2, 3, 11, 827
What are the prime factors of 143045?
5, 7, 61, 67
What are the prime factors of 399737?
13, 97, 317
What are the prime factors of 1584620?
2, 5, 79231
List the prime factors of 27004.
2, 43, 157
What are the prime factors of 4292683?
4292683
List the prime factors of 6133116.
2, 3, 11, 97, 479
List the prime factors of 3971005.
5, 794201
List the prime factors of 7996854.
2, 3, 79, 16871
What are the prime factors of 392604?
2, 3, 32717
What are the prime factors of 541131?
3, 61, 2957
What are the prime factors of 475956?
2, 3, 13, 113
What are the prime factors of 280897?
280897
What are the prime factors of 18342265?
5, 1021, 3593
List the prime factors of 8922934.
2, 131, 34057
What are the prime factors of 3109631?
7, 43, 10331
What are the prime factors of 3418369?
251, 13619
What are the prime factors of 234250?
2, 5, 937
List the prime factors of 5559323.
7, 11, 17, 31, 137
List the prime factors of 6150.
2, 3, 5, 41
List the prime factors of 16046027.
461, 34807
What are the prime factors of 2470695?
3, 5, 17, 9689
What are the prime factors of 1967535?
3, 5, 23, 1901
What are the prime factors of 470037?
3, 156679
What are the prime factors of 14981?
71, 211
List the prime factors of 1107971.
31, 103, 347
What are the prime factors of 192115?
5, 7, 11, 499
What are the prime factors of 1784346?
2, 3, 297391
List the prime factors of 191604.
2, 3, 7, 2281
List the prime factors of 167208.
2, 3, 6967
What are the prime factors of 753067?
7, 107581
What are the prime factors of 3710866?
2, 23, 80671
What are the prime factors of 165734?
2, 173, 479
List the prime factors of 7535318.
2, 7, 17, 4523
What are the prime factors of 5013665?
5, 29, 71, 487
List the prime factors of 5874565.
5, 1174913
What are the prime factors of 233675?
5, 13, 719
What are the prime factors of 566357?
11, 51487
List the prime factors of 10177934.
2, 13, 17, 23027
What are the prime factors of 185975?
5, 43, 173
List the prime factors of 654142.
2, 327071
List the prime factors of 559336.
2, 139, 503
List the prime factors of 544259.
544259
List the prime factors of 2954562.
2, 3, 13, 37879
What are the prime factors of 170136?
2, 3, 17, 139
What are the prime factors of 28001?
28001
What are the prime factors of 32701383?
3, 11, 13, 25409
List the prime factors of 10378457.
101, 211, 487
What are the prime factors of 1786163?
739, 2417
What are the prime factors of 202887?
3, 22543
